prime factors of (-9 - -19)*(-1 - (-102)/i).
2, 23
Suppose -26*y + 1368 = -22*y. Suppose r - y = 234. What are the prime factors of r?
2, 3
Let n = 51 - -86. Suppose -30 + n = -y. List the prime factors of 5/(15/(-9)) + 5 - y.
109
Let r = -68 - -72. Suppose -r*c + 254 = -354. What are the prime factors of c?
2, 19
Let s be ((270/4)/9)/((-6)/(-16)). Suppose -11*k - 3429 = -s*k. What are the prime factors of k?
3, 127
Suppose -2*n - 1 = 2*h - h, 0 = 2*h - 5*n - 25. Suppose -5*a - 11 = -16, h*b = 3*a + 1822. What are the prime factors of b?
5, 73
Let y = -10 + 0. Suppose 24 = -2*r - 2*i, -6*i + 9 = -2*r - 3*i. List the prime factors of (y/(-2))/(r/(-126)).
2, 5, 7
List the prime factors of (12754/(-6) + 12)*-9.
3, 17, 373
Let n(t) = -t**2 + 20*t - 39. Let s be n(16). List the prime factors of 1940/s*17 + (-4)/(-5).
2, 3, 5, 11
Let s(n) = -19*n - 916. Let w(i) = -5*i. Let t(j) = -s(j) + 2*w(j). What are the prime factors of t(0)?
2, 229
Let d = 7995 - 412. List the prime factors of d.
7583
Suppose -21143 - 217585 = -49*z. List the prime factors of z.
2, 3, 7, 29
Let o = 178 + -36. Suppose -o*h + 7100 = -132*h. What are the prime factors of h?
2, 5, 71
Let t(p) = -182*p + 462. What are the prime factors of t(-22)?
2, 7, 11, 29
Suppose 125*h - 236518 - 1248778 = 3601204. List the prime factors of h.
2, 3, 3391
Suppose 149*z - 1052970 - 136944 = 0. What are the prime factors of z?
2, 3, 11
Let f(i) = -49*i + 10. Let w be 2/10 + (-205)/25. Let b be f(w). What are the prime factors of (0 + 1)/(6/b)?
67
Let w be (-5)/10*(-1 - 1). Let g be ((-828)/16)/(15/12 - w). Let p = -147 - g. List the prime factors of p.
2, 3, 5
Let j(t) = 36*t - 12. Let r(p) = -p + 1. Let x(y) = -29*y + 5. Let d(l) = 6*r(l) + x(l). Let v(m) = -7*d(m) - 6*j(m). List the prime factors of v(3).
2, 41
Suppose 0*r + 5*r + 4*l + 1307 = 0, -5*r + 3*l = 1321. Let w(m) = 4*m**2 + 130*m + 24. Let g be w(-29). Let k = r - g. List the prime factors of k.
7, 17
Suppose 0 = 5*j + 2*l - 124516, -2*j + 45762 = -4*l - 4054. List the prime factors of j.
2, 11, 283
Let r be (-50)/4 + (-2)/(-4). Let i(b) be the second derivative of b**4/12 + b**3/2 - 14*b**2 + 13*b. What are the prime factors of i(r)?
2, 5
Let d(q) = 1257*q - 753. List the prime factors of d(14).
3, 5, 1123
Let m be (-4)/14 + (-486)/63. Let i(u) = -u**2 + 9*u - 3. Let t be i(m). Let z = -47 - t. What are the prime factors of z?
2, 23
Let d(y) = 15*y**2 - 31*y - 450. List the prime factors of d(-9).
2, 3, 29
Let f(q) = -1238*q + 3996. What are the prime factors of f(-7)?
2, 13, 487
Let a(x) = 8*x**2 + 62*x + 6. Let v be a(-7). List the prime factors of (8010/25)/(v/(-120)).
2, 3, 89
Let j be (4/8)/(2/(-4)). Let x(a) = 69*a + a**3 - 66*a + 4*a**2 - 91*a**3. What are the prime factors of x(j)?
7, 13
Let q be 1 - ((-114)/42 - (-4)/(-14)). Suppose -q*z + 313 = -99. Let a = 179 - z. What are the prime factors of a?
2, 19
Let r(p) = p**3 - 67*p**2 - 389*p + 219. What are the prime factors of r(73)?
2, 13, 73
Suppose 25*g - 80938 = 12*g. What are the prime factors of g?
2, 11, 283
Suppose -5*n + 4*v + 10 = 0, -6*n - 2*v = -n - 10. Suppose -3*g = -2*d + 58, 3*d + n*g + 2*g = 53. Let f = d + 23. What are the prime factors of f?
2, 23
Suppose -2*q + 7690 = k, 3*q - 9214 = -3*k + 2327. List the prime factors of q.
3, 7, 61
Let j be (-12)/(-84) + (1874/14 - 1). Let n = 264 + j. List the prime factors of n.
397
What are the prime factors of (-26117)/(-205) + (-32)/(-20)?
3, 43
Let k = -120 + 218. Let p = 9 + -16. What are the prime factors of 42/k - 1754/p?
251
Let a = 115 + -110. Suppose 0*w - 4*v = -w - 11, 4*w - 36 = -4*v. Suppose a*m = r + 439, -w*r = -m + 79 + 28. List the prime factors of m.
3, 29
Let q(y) = y**3 - 3*y. Let u be q(2). Suppose u*b + 23 = 5. List the prime factors of (b - -6)*(-151)/3.
151
Let o(u) be the second derivative of u**5/20 - 5*u**4/12 + 3*u**3 - 11*u**2/2 - 5239*u. Suppose -4*d = d - 30. List the prime factors of o(d).
7, 19
What are the prime factors of (3 - 15)/(128/(-85472))?
3, 2671
Let f be 1232/1540 - 21/(-5). Let p(j) = -5*j**2 + 1 + 5*j**2 + 7*j**2 - 6*j. What are the prime factors of p(f)?
2, 73
Suppose -60 = -31*s + 16*s. List the prime factors of (149/s)/((-10)/(-80)).
2, 149
Let m be 3*(-3 + (-205)/(-15)). Let l = 69 - m. What are the prime factors of l?
37
Let l = 14763 + -9460. What are the prime factors of l?
5303
Suppose 2*a + 12 = 3*c + 4, -2*a = 5*c - 8. Suppose 0 = c*d - d - 4. Suppose -2*q = -d*w + 644, -3*w + 290 = 4*q - 215. What are the prime factors of w?
163
Suppose -34009 = -5*j - 2*v, 153*j + 5*v + 6764 = 154*j. What are the prime factors of j?
13, 523
Let b be 10/(-4) + 13485/(-6). Let l = 3273 + b. What are the prime factors of l?
3, 11, 31
Suppose -1430 = -3*x + s, s = x - 529 + 51. Let g = 885 + x. List the prime factors of g.
1361
Suppose -48*q + 0*q = -11904. Suppose 251*r = q*r + 501. What are the prime factors of r?
167
Let j(h) be the first derivative of h**4/4 + 2*h**3/3 - h**2/2 - 2*h + 98. What are the prime factors of j(2)?
2, 3
What are the prime factors of (12/(-18) + 1)*(-9)/6*-16222?
8111
Let g = 1102 - 474. Suppose 5*f - g = -4*o, -f + 748 + 16 = 5*o. List the prime factors of o.
2, 19
Let h = -139 + 137. Let w(u) = 355*u**2 - 9*u - 17. What are the prime factors of w(h)?
7, 29
Let k = 109 + -152. Let q = k - -53. List the prime factors of 2/q - ((-1232)/40 + -7).
2, 19
List the prime factors of ((-260)/156)/((-10)/456)*(-303)/(-6).
2, 19, 101
Let w = 63118 - 32217. List the prime factors of w.
13, 2377
Suppose -101*u + 97*u = -24, 3*i - 4*u - 43032 = 0. List the prime factors of i.
2, 3, 13, 23
Suppose -2*h = 5*q - 16, 2 = 4*h - 10. Suppose q*g - 1067 = 5*f, 9*g - 2104 = 5*g + 4*f. What are the prime factors of g?
521
Let k = 107 - 278. Let u = -122 - k. List the prime factors of u.
7
Let f(j) = 167*j**3 - 95*j**2 + 389*j + 3. What are the prime factors of f(4)?
17, 631
Suppose 1303 = 5*d - 1827. Suppose -5*m = -46 + d. Let n = m + 335. What are the prime factors of n?
3, 73
Suppose 3*q - 120200 = -2*q + 5*h, 0 = -3*q + 5*h + 72122. What are the prime factors of q?
3, 2671
Suppose -8*u = -20*u. Suppose -24*d + 29*d = u. Suppose d = -j - 12*j + 1989. List the prime factors of j.
3, 17
Let c = 173775 - 122632. What are the prime factors of c?
199, 257
Suppose 17*q + 46 - 216 = 0. Suppose 0 = -q*v + 1516 - 336. What are the prime factors of v?
2, 59
Let z = 17359 - 12581. List the prime factors of z.
2, 2389
Suppose -5*w = v - 6036, -5*v + 3604 = 11*w - 8*w. List the prime factors of w.
2, 151
Let v be (-4)/(-3)*453/(-2). Suppose 0 = -14*r - 2776 + 508. Let y = r - v. List the prime factors of y.
2, 5, 7
List the prime factors of (-87)/(-1305) + 9674/15.
3, 5, 43
Suppose -1063 = 5*t + 1837. Let j = 110 - t. What are the prime factors of j?
2, 3, 5, 23
Suppose -3*w + 4*p + 17080 = 0, 14*w + 4*p = 13*w + 5720. List the prime factors of w.
2, 3, 5, 19
Let l(d) = -11*d + 523. Let i be l(-21). Suppose 3*r + i = 2*z, -2*z + 7*r - 10*r + 730 = 0. What are the prime factors of z?
7, 53
Suppose -14*g = -3*g - 209. Let h = 81 - g. List the prime factors of h.
2, 31
Let k be 1/((1/105)/(6/(-6))). List the prime factors of 1*(k/(-1) - -2).
107
Let r = 10261 - 1912. List the prime factors of r.
3, 11, 23
Let v(w) = 60*w**2 - 77*w - 552. What are the prime factors of v(30)?
2, 3, 947
Let t(z) = -z + 15. Let l be t(13). Suppose 3*y + 131 = 3*j + 23, -l*y = 2*j + 80. Let u = y - -141. What are the prime factors of u?
103
Let d be ((-3715)/10)/(-5 + 22/4). Let m = d - -1712. What are the prime factors of m?
3, 17, 19
Let l = 3 + 0. Suppose 0 = -l*u + z + 11, -3*u + 20 - 6 = 2*z. Suppose 4*g - 92 = -x, -u*x - g + 303 + 35 = 0. What are the prime factors of x?
2, 3, 7
Let o(c) = 156*c**2 - c - 2. Let t be o(-2). Suppose 35*a = 34*a + t. Suppose -68 - a = -4*u. List the prime factors of u.
173
What are the prime factors of 3498/(-477)*111*-9?
2, 3, 11, 37
Let k = 381 + -374. Suppose k*z + 3*z = 2810. List the prime factors of z.
281
Let t = -3904 - -16219. What are the prime factors of t?
3, 5, 821
Suppose 4*m + 3*o - 87 = 2*m, -2*m = -2*o - 112. Suppose 48*f = m*f. Suppose a - 81 + 44 = f. List the prime factors of a.
37
Let p(j) = j**2 + 15*j + 17. Let r be p(-14). Suppose 0 = r*i + 6. 